{"id":927,"date":"2021-01-17T03:32:03","date_gmt":"2021-01-17T02:32:03","guid":{"rendered":"http:\/\/multi-will.hu\/webaruhaz\/?post_type=product&#038;p=927"},"modified":"2021-01-17T03:32:31","modified_gmt":"2021-01-17T02:32:31","slug":"dupla-nyomogomb-rugos-1p-no-16a-2m-feh","status":"publish","type":"product","link":"http:\/\/multi-will.hu\/webaruhaz\/termek\/dupla-nyomogomb-rugos-1p-no-16a-2m-feh\/","title":{"rendered":"DUPLA NYOM\u00d3GOMB RUG\u00d3S 1P NO 16A 2M FEH."},"content":{"rendered":"<p><a href=\"http:\/\/www.gewiss.com\/services\/gewiss\/productImage\/GW10160F\/s\/018\/en\/0\" target=\"_blank\" rel=\"noopener\">R\u00e9szletes term\u00e9kle\u00edr\u00e1s itt olvashat\u00f3 \u00bb<\/a><\/p>\n<p><a href=\"http:\/\/www.gewiss.com\/services\/gewiss\/productImage\/GW10160F\/pdf\/018\/en\/0\" target=\"_blank\" rel=\"noopener\">A term\u00e9k technikai adatlapja \u00bb<\/a><\/p>\n","protected":false},"excerpt":{"rendered":"<p class=\"p1\">DUPLA NYOM\u00d3GOMB 250V ac &#8211; RUG\u00d3S VEZET\u00c9KBEK\u00d6T\u00c9S &#8211; 1P NO 16A &#8211; 2 MODUL &#8211; FEH\u00c9R &#8211; CHORUS<\/p>\n","protected":false},"featured_media":926,"template":"","meta":{"_et_pb_use_builder":"","_et_pb_old_content":"","_et_gb_content_width":""},"product_brand":[],"product_cat":[50,20],"product_tag":[],"class_list":{"0":"post-927","1":"product","2":"type-product","3":"status-publish","4":"has-post-thumbnail","6":"product_cat-szerelestechnika","7":"product_cat-szerelvenybetetek","9":"first","10":"instock","11":"taxable","12":"shipping-taxable","13":"purchasable","14":"product-type-simple"},"aioseo_notices":[],"_links":{"self":[{"href":"http:\/\/multi-will.hu\/webaruhaz\/wp-json\/wp\/v2\/product\/927","targetHints":{"allow":["GET"]}}],"collection":[{"href":"http:\/\/multi-will.hu\/webaruhaz\/wp-json\/wp\/v2\/product"}],"about":[{"href":"http:\/\/multi-will.hu\/webaruhaz\/wp-json\/wp\/v2\/types\/product"}],"wp:featuredmedia":[{"embeddable":true,"href":"http:\/\/multi-will.hu\/webaruhaz\/wp-json\/wp\/v2\/media\/926"}],"wp:attachment":[{"href":"http:\/\/multi-will.hu\/webaruhaz\/wp-json\/wp\/v2\/media?parent=927"}],"wp:term":[{"taxonomy":"product_brand","embeddable":true,"href":"http:\/\/multi-will.hu\/webaruhaz\/wp-json\/wp\/v2\/product_brand?post=927"},{"taxonomy":"product_cat","embeddable":true,"href":"http:\/\/multi-will.hu\/webaruhaz\/wp-json\/wp\/v2\/product_cat?post=927"},{"taxonomy":"product_tag","embeddable":true,"href":"http:\/\/multi-will.hu\/webaruhaz\/wp-json\/wp\/v2\/product_tag?post=927"}],"curies":[{"name":"wp","href":"https:\/\/api.w.org\/{rel}","templated":true}]}}